6
In base 9, what is -15 - -158?
143
In base 13, what is -6 + -2b0?
-2b6
In base 11, what is 8 - 34?
-27
In base 13, what is -13 + 9?
-7
In base 4, what is -11 + 102302?
102231
In base 10, what is -5 - -98?
93
In base 9, what is -1 + -446?
-447
In base 11, what is -3 + 9a5?
9a2
In base 5, what is -1 + -2240?
-2241
In base 10, what is -18360 + 3?
-18357
In base 3, what is 1020 - 1?
1012
In base 12, what is -83 - -2?
-81
In base 16, what is -2 + d2?
d0
In base 8, what is -135 + -3?
-140
In base 2, what is 111000 + 11?
111011
In base 6, what is -121015 + 5?
-121010
In base 6, what is -102553 + -4?
-103001
In base 16, what is -1a - -2d?
13
In base 12, what is -5 - 306?
-30b
In base 7, what is 533 - 0?
533
In base 7, what is -112 - -5?
-104
In base 13, what is 36 - 0?
36
In base 10, what is -5 + -3057?
-3062
In base 12, what is -4 + -116?
-11a
In base 7, what is 5 - 1245?
-1240
In base 3, what is 10002 + -221?
2011
In base 13, what is -3a - 47?
-84
In base 14, what is 5 - -ab?
b2
In base 13, what is -1 - 27?
-28
In base 15, what is -1c + -4?
-21
In base 2, what is 11 - 10111010101?
-10111010010
In base 4, what is -30303 - -3?
-30300
In base 15, what is -3 - 5b?
-5e
In base 11, what is 2 + 15?
17
In base 16, what is -2 + -32?
-34
In base 8, what is -3 - -231?
226
In base 7, what is -45 + 40?
-5
In base 3, what is -10 - -1122011?
1122001
In base 5, what is -13 + 41431?
41413
In base 13, what is 2 - -5?
7
In base 15, what is 1 - 5c?
-5b
In base 6, what is 3 - -2031?
2034
In base 12, what is -6 - 551?
-557
In base 6, what is 1 - 23422?
-23421
In base 9, what is -1 - 10?
-11
In base 13, what is -19b - 5?
-1a3
In base 7, what is -2 + 44?
42
In base 10, what is 230 - -2?
232
In base 6, what is -1052 + -5?
-1101
In base 8, what is 5 - -35?
42
In base 8, what is 4 + 5465?
5471
In base 7, what is -10 - 46?
-56
In base 11, what is 381 + -1?
380
In base 16, what is 1 + 9?
a
In base 13, what is -4 - ac?
-b3
In base 7, what is 1 + -44?
-43
In base 15, what is -33b - -1?
-33a
In base 3, what is 210 - 20?
120
In base 12, what is 0 - 45?
-45
In base 5, what is -13 - 204?
-222
In base 5, what is 14 - 20?
-1
In base 13, what is 375 + -3?
372
In base 10, what is 30 - 195?
-165
In base 5, what is -12100 + 3?
-12042
In base 13, what is -1109 - 5?
-1111
In base 2, what is 10111011 + 10?
10111101
In base 14, what is -3 + -261a?
-261d
In base 13, what is 15 - 40?
-28
In base 9, what is -51 - 50?
-111
In base 15, what is -93 - -4?
-8e
In base 12, what is 4 + -1?
3
In base 15, what is 90 + 3?
93
In base 15, what is -8a + -8?
-93
In base 4, what is 2122 + 31?
2213
In base 3, what is -22112 + -221?
-100110
In base 13, what is -21a - 0?
-21a
In base 7, what is 45 + -6?
36
In base 14, what is -b3d + -5?
-b44
In base 14, what is 1 + -32?
-31
In base 2, what is 100 - 101001?
-100101
In base 11, what is 6a - 14?
56
In base 2, what is -10010000101101 - -1?
-10010000101100
In base 6, what is 1 - 35323?
-35322
In base 11, what is 701 + 2?
703
In base 13, what is -4 + 21?
1a
In base 11, what is 0 + -5?
-5
In base 4, what is 332 + 3?
1001
In base 16, what is -a - 3?
-d
In base 15, what is 14c - 0?
14c
In base 10, what is -1 - 1197?
-1198
In base 7, what is 0 - -3?
3
In base 7, what is 5306 - 2?
5304
In base 16, what is -f + -3?
-12
In base 4, what is -3 + -2232?
-2301
In base 13, what is -5 - -b?
6
In base 10, what is -4 - 166?
-170
In base 3, what is 10 + 1010?
1020
In base 5, what is -333 + -3?
-341
In base 7, what is 62 + -4?
55
In base 10, what is 202 - -2?
204
In base 10, what is -114 + -246?
-360
In base 15, what is 5 - 8e?
-89
In base 16, what is -3 - -126?
123
In base 14, what is -d + 0?
-d
In base 4, what is 111 + 2?
113
In base 4, what is -3120 - 11?
-3131
In base 3, what is 210 + -10?
200
In base 6, what is 2 - 235?
-233
In base 2, what is 10010001 + 1?
10010010
In base 9, what is 2 + 56?
58
In base 6, what is -2 - 14121?
-14123
In base 14, what is 22 - 231?
-20d
In base 13, what is -1 + -1b?
-1c
In base 5, what is -10 + 44120?
44110
In base 7, what is 1 - 145?
-144
In base 10, what is 547 - 3?
544
In base 5, what is 10 + 340?
400
In base 5, what is 2121 - 0?
2121
In base 15, what is -2d + -5?
-33
In base 11, what is -8 - 30?
-38
In base 9, what is 1 - 40?
-38
In base 5, what is 304 - -2?
311
In base 14, what is 1 + 150?
151
In base 12, what is 527 + -2?
525
In base 12, what is -4b8 - -11?
-4a7
In base 16, what is -107 - -33?
-d4
In base 10, what is -5 + -109?
-114
In base 5, what is 3 - 1344?
-1341
In base 7, what is 31344 - 1?
31343
In base 16, what is -256 - -d?
-249
In base 13, what is 27 - 3?
24
In base 16, what is 5f - 5?
5a
In base 10, what is -1635 - 4?
-1639
In base 16, what is -1 - -1d6?
1d5
In base 15, what is 2 - 85?
-83
In base 4, what is 1012013 + 0?
1012013
In base 2, what is -111 - 100101111?
-100110110
In base 11, what is -3 - 41?
-44
In base 5, what is 0 - 121223?
-121223
In base 9, what is -170 - 2?
-172
In base 11, what is -4 - -11?
8
In base 3, what is 210221 + -10?
210211
In base 7, what is -2 + 2222?
2220
In base 4, what is -12020 - -23?
-11331
In base 12, what is 1376 - 5?
1371
In base 2, what is 1010001 - 10?
1001111
In base 7, what is -2 + -2226?
-2231
In base 9, what is -5 - -361?
355
In base 2, what is -10 - -110?
100
In base 13, what is -515 - -8?
-50a
In base 6, what is -5 + 113?
104
In base 13, what is b + -2c?
-21
In base 6, what is -343 + 42?
-301
In base 7, what is -11056 + -1?
-11060
In base 4, what is 3213 + -10?
3203
In base 15, what is 12 - -2cb?
2dd
In base 9, what is -7046 - -3?
-7043
In base 12, what is -42 + 1?
-41
In base 4, what is -1 - -10323?
10322
In base 6, what is -1052 + 10?
-1042
In base 4, what is -1 - -100212?
100211
In base 14, what is -1 + 48d?
48c
In base 2, what is 110010110 + 1010?
110100000
In base 7, what is -63156 + 3?
-63153
In base 10, what is 8877 + 1?
8878
In base 16, what is 171 - -5?
176
In base 8, what is -2 + 33?
31
In base 8, what is -65337 + -1?
-65340
In base 15, what is 21 + -1c?
4
In base 14, what is 322 + -2?
320
In base 16, what is 5 - -8?
d
In base 4, what is 10 - -203?
213
In base 3, what is -10 - -1201?
1121
In base 14, what is -479 - c?
-487
In base 11, what is -106 + 49?
-68
In base 12, what is 68 - 7?
61
In base 2, what is 0 - -1000?
1000
In base 15, what is -1 + -61?
-62
In base 8, what is 622 + -4?
616
In base 10, what is 6 + -5876?
-5870
In base 6, what is 1251 + -30?
1221
In base 9, what is -5 - -65?
60
In base 15, what is 53 + -1?
52
In base 8, what is 0 - -605?
605
In base 13, what is 10 + -16?
-6
In base 16, what is 3 + -7?
-4
In base 5, what is 1221 - -140?
1411
In base 14, what is -18 + 12?
-6
In base 7, what is 13 + 613?
626
In base 8, what is 20 - -5?
25
In base 13, what is -3 - -b28?
b25
In base 13, what is -17 - 7?
-21
In base 14, what is 4 - -42?
46
In base 8, what is 3 + -14?
-11
In base 9, what is -2 - -55?
53
In base 3, what is 101222 + -2?
101220
In base 15, what is 6 + -39?
-33
In base 3, what is 111002 - -10?
111012
In base 8, what is 45 - -204?
251
In base 12, what is -7a - -49?
-31
In base 14, what is 16d + 8?
177
In base 8, what is 4 + -10?
-4
In base 4, what is 1100 - 10?
1030
In base 8, what is 4054 + -1?
4053
In base 12, what is 130 + 0?
130
In base 4, what is 2001 + -111?
1230
In base 3, what is 222 + 2?
1001
In base 10, what is -14 + -5?
-19
In base 13, what is -7b + 2?
-79
In base 3, what is 221 + -120?
101
In base 11, what is -37a8 + -1?
-37a9
In base 15, what is 3 + -40?
-3c
In base 14, what is -19 - 3a?
-55
In base 2, what is 100 - 1011010101?
-1011010001
In base 11, what is -4 - 447?
-450
In base 12, what is -11 - 1?
-12
In base 4, what is -1 - -112001?
112000
In base 6, what is -354 - -4?
-350
In base 15, what is -a - dd?
-e8
In base 7, what is -2 + -4134?
-4136
In base 4, what is 0 + -1102?
-1102
In base 6, what is 42 + 15?
101
In base 10, what is 1 + -206?
-205
In base 4, what is -21132 + 0?
-21132
In base 4, what is -31 + 32?
1
In base 8, what is -1 - -24?
23
In base 14, what is -b + 82?
75
In base 11, what is -5 + -2164?
-2169
In base 6, what is 10 + -41?
-31
In base 11, what is -33 + -2?
-35
In base 11, what is 5 + 380?
385
In base 3, what is -2 - 2122110?
-2122112
In base 5, what is 2233 + -1?
2232
In base 2, what is 1 - 1010011100011?
-1010011100010
